7 - (-18 - -31)) - (2 - -51)?
-44
Evaluate (82 - (93 - -34)) + (-25 - -2).
-68
What is (-188 - -86) + 114 - 76?
-64
-48 - (21 + -50) - (4 - 53)
30
What is 163 + -165 - (0 + 9 + 16 + 57)?
-84
What is (8 - 10) + 1 + 94 - (752 + -757)?
98
What is -46 - (45 + -36) - -142?
87
Calculate -20 + (41 - ((1 - 17) + 21)).
16
Evaluate 21 - 1 - (3 + 4 + -3 - 5).
21
Calculate -60 - -19 - -51 - (-1 + 1) - 84.
-74
What is (-5920 - -5912 - (2 + (-1 - 1) + -6)) + 62?
60
-2257 + 2281 + (0 - -2 - 14) + -1
11
What is the value of (-338 - -319) + (-1 - 1 - 45)?
-66
What is -71 - 0 - (5 - (-3 + -8) - 10)?
-77
Calculate 111 - 77 - (117 + -20).
-63
What is the value of 15 + (29 - 75) + -25?
-56
What is (4 - (-4 + -5 + 2)) + (-478 - -547)?
80
(15 - -47) + -12 - (25 + -2 + -10)
37
What is (-8 - -4) + -96 + (4 - 2) - (11048 - 11054)?
-92
Calculate 11 - (-6 - (5 + 6) - -9) - 11 - 62.
-54
Calculate -33 + 0 + (-50 - -62 - -9).
-12
Calculate (8 - 25) + -17 + 59.
25
-309 + 310 - ((-9 + 6 - -5) + (-4 - -1))
2
What is the value of 57 + -65 + 29 - -7?
28
Evaluate (4 - 1 - (21 + -22) - (402 + -401)) + -76.
-73
What is the value of -4 + (8 - 6) - (7 - (30 + (6 - -2)))?
29
-2 + 22 + (-30 - (32 - 40))
-2
4 + -2 + 56 + (-3 + 19 - 32) - 14
28
Calculate -64 + 21 + -8 + -20 + (1 - -8).
-62
-29 - 0 - ((70 - (2 + 71)) + (1 - -5))
-32
What is -35 - (-89 + 91) - 6?
-43
(71 - 5) + -170 + 39
-65
Calculate 12 + 36 - (-12 + 2 + 4 + 13 + 0).
41
-152 + (-114 - -115 - -60)
-91
What is (-3 - 3 - 4) + 4 - (487 + -482)?
-11
(-5 - 56) + 1 + -7 + -95 + 86
-76
Calculate (-31 - 3) + 1 + 1 + (-1845 - -1836).
-41
What is the value of 6 - (-9 + (8 - -4) - -4 - (22 - 1))?
20
-1 + 1 - -10 - ((-22 - (-41 + 7)) + 41)
-43
What is the value of (-19 - (0 + -1)) + 30 - (58 + 1)?
-47
What is (15 + 87 - 132) + (-1 - (2 - 0))?
-33
What is the value of -410 - -556 - (64 + 7)?
75
Calculate -18 + (24 - (43 - 1)) + 23.
-13
(-247 - -261) + -17 + -88
-91
Evaluate -24 + -3 + 18 + -22 + (-8 - -17).
-22
Calculate 22 + 415 + -462 + (-4 - 1).
-30
-1 + (-66 - -85) + 0 + 0 + 4 + 6
28
What is the value of -10 + 1 - (-12 - -5) - (-33 + -11 + 19)?
23
Evaluate (25 - ((21 - 40) + 31)) + -98.
-85
What is the value of -57 + 86 - (57 + -73)?
45
19 - (-6 - 1) - (-10 - (-5 + -17 - -16))
30
Evaluate (-11 - -13) + (-53 - (13 - 32)).
-32
Calculate 28 + (6 - (-6 - (-28 + -3))).
9
What is the value of (11 - 3 - 11 - 37) + (47 - 36)?
-29
Calculate (-77 - -47) + 117 - 39.
48
Evaluate -30 + (-9 - (1 - (-7 + 26))).
-21
Calculate -6 + -8 + (23 - (13 + -2 - 5)) + -19.
-16
What is 0 + 102 - (-10144 - -10174)?
72
Evaluate -86 + 125 - 145 - -83.
-23
What is the value of -124 - (120 - (66 - -194))?
16
(-80 - (66 - 64)) + 81
-1
What is (-3 - 11) + -7 + (53 - (-29 - -68))?
-7
What is the value of -13 + -19 + -23 + -22 + 65?
-12
What is the value of -24 - -4 - ((-64 - -86) + -75)?
33
Calculate 18 + -152 + 57 + 32.
-45
Calculate 35 + -212 + 121 + (-3 - 10).
-69
Calculate (573 - 614) + 14 + -1 + -2 - 7.
-37
125 - (1 + 1 + -9) - (-35 + 48)
119
What is -135 - (5 - 1) - (5374 + -5386)?
-127
What is the value of -1 - ((132 - 120) + (2 - 19)) - -74?
78
What is the value of 56 + -60 + (-9 - -24)?
11
What is the value of -10 + -7 + 32 + (-20 - -111)?
106
What is the value of (6 - 2) + (14 - -3) - (51 - 20 - 44)?
34
Calculate (5 - -21) + -26 - (-16 + 24 - (6 + 6)).
4
Calculate -2 - -1 - (137 + 16 - 157).
3
Evaluate (60 - -1) + 0 + (-16740 - -16747).
68
-35 + (39 - 0) + -66
-62
What is the value of 52 + -82 + -15 + 6?
-39
What is the value of 7 - (2 + -2 + 4 + 2 + -4 + -9)?
14
-66 + 2 + -55 + 59 + -8
-68
Calculate 105 + -3 + -184 + (148 - -50).
116
Evaluate 70 + 6 + -13 + -12.
51
What is -24 + (-1 + 1 - ((31 - -4) + -41))?
-18
Evaluate (-43 - -40 - -12 - 11) + -66.
-68
What is the value of 91 - (-2 + 10 + -17 + 37)?
63
What is -1 + -2 + 1 - (194 + (177 - 383)) - -6?
16
What is the value of 3 + (-65 - (-5 - (2 + (9 - 24) + 4)))?
-66
Calculate -10 + (-6 + 10 + (-8 + -17 - -9) - -107).
85
Evaluate -70 + (34 - 39) + (7 - -6).
-62
What is the value of -4 - ((-1 - (-1 + 3)) + 5) - (26 - -3)?
-35
Calculate 0 + 16 + (-392 - -326).
-50
(27 - 46 - -60) + (3 - (-11 - 7))
62
What is the value of 46 + (18 - 70) - (-1 - -12) - (5 + 3)?
-25
What is the value of -17 - -2 - (-1 - 20 - -27)?
-21
-10 - (21 + -22 + 5 + 46)
-60
What is the value of 5 + (-16 - -101) - 9?
81
Evaluate -10 + 41 + -4 + -22.
5
-96 - (-31 - (-41 + 50))
-56
Evaluate 28 + 6 + (6 - ((3 - -26) + -10)).
21
Evaluate (561 - 585) + -35 + (0 - 5).
-64
Evaluate (8 - (-101 + 106)) + 2 + -51.
-46
What is the value of -56 - (28 + -36 + -12)?
-36
Calculate -24 + 6 + -65 - -95.
12
Calculate (-103 - -1) + (-2878 - -2946).
-34
Evaluate 9 + -25 - -18 - (19 + -24).
7
7 + -23 + 3 + 6 - (-7 + (13 - -9))
-22
Evaluate 150 - (-16 + -7 + -5 + 18 + (18 - -1)).
141
Evaluate -43 + 90 + (-75 - 34).
-62
What is (-68 - 59) + 82 + 107?
62
Calculate (-57 - -90 - (16 + -3)) + -46.
-26
Evaluate 1347 - 1322 - (1 - 15).
39
What is (35 - -5) + 97 + -96?
41
Evaluate 1 - -123 - (3028 - 2997).
93
37 + (-19 - 24 - -5)
-1
What is the value of 21 - -1 - (-51 + 78 + (-43 - -6))?
32
What is the value of -42 - ((2 - 2) + (-18 + 5 - 1))?
-28
57 + (-47 - -43 - (-2 + -1)) + -9 + 21
68
What is -186 + 190 + 20 + -18 + (2 - -103)?
111
Calculate (7 - -23 - -22) + -87.
-35
-12 + 43 + -19 - -6 - -36
54
82 - (77 + (9 - 43))
39
What is (1 - (6 + -2)) + -3 + 43 + -7 + -10?
20
Calculate (-5 - (-1 + 3)) + -1 + (-19 - -303 - 244).
32
(11 - (-7 + 10 + 22)) + -17
-31
Evaluate -277 + 304 + (2 + -6 - (-3 - 16 - -6)).
36
Evaluate -23 - (14 + 15 + -100) - 2.
46
What is the value of (3 - (-6 + 3)) + (-3 - -4) + -12?
-5
13 + ((-55 - (9 + -4)) + -2 - 16)
-65
Calculate 6 + (12 - 15) - (20 + 54).
-71
6 + 2 - (33 - (49 - -21))
45
(12379 - 12335) + (-1 - -15)
58
Evaluate (-4 - (-2 + -1) - (-12 - 1)) + (2359 - 2295).
76
What is the value of -109 + (35 - ((23 - -10) + -29))?
-78
What is 9 - ((30 - 24 - (2 - -1)) + 1 + -7)?
12
What is the value of -38 + 19 + 4 - (-10 - -76)?
-81
(167 + -92 - 153) + 96
18
What is 656 + -790 + -3 + 66?
-71
What is the value of -16 + (2 + -18 - -8) - 8?
-32
What is -13 - (9 + -11) - (-47 + 1 + 2)?
33
What is the value of 24 + (-33 - -26) - 31?
-14
Evaluate 40 + (2 - (3 + 20)) + (10 - 3).
26
Calculate 1 + -12 + (1 - 23) - (43 - 30).
-46
-11 + (5 - 1) - (150 + -138)
-19
What is the value of -1 + -5 - (2 - 5 - (2753 + -2850))?
-100
What is the value of -203 + (-113 - -374) + 0 + -1?
57
Calculate 1 - 15 - (8 + -47 + -31 + -62).
118
-1 - 38 - (4127 - 4159) - (-18 - -1)
10
What is -31 + 86 + -35 - (-41 + -5)?
66
Calculate -27 + -50 - -66 - (4 + 84).
-99
Calculate (-22 + 86 - 31) + -94.
-61
112 - (14 + -2 + 1 - (-979 + 992)) - 8
104
Evaluate (-20 - -39 - 9) + (16 - 29).
-3
Evaluate (3 + 1 - -8) + (-4 - (-18 - -5 - -18)).
3
-41 - (-67 + (60 - 82))
48
What is the value of -47 + 28 + 52 + 3?
36
Calculate -67405 + 67509 + (1 - 19 - (-2 - -1)).
87
Evaluate 75 - (-68 - -126) - (-6 + -86).
109
What is the value of (-40 + 26 - 1) + -6?
-21
Calculate -4 + -10 + -4 + 45 + 18.
45
What is the value of 5 + 1 - ((44 - 29) + 10)?
-19
2 + (16 - (6 - (24 + -17 + -7)))
12
What is -96 + 13 + 85 + -8?
-6
What is 25 + (-145 - -18) - -76?
-26
What is 2 + -8 - (17 + 4 + -12 + -19 + -2)?
6
What is -579 + 444 - (-158 - 38)?
61
What is 61 - (-69 + 170) - -86?
46
What is the value of 60 - (-22 - (-23 - 0)) - 11?
48
What is the value of 17 - (13 - (-25 - -20 - (-1 + 6)))?
-6
(-43 - -10) + 30 + -24 + -1
-28
-3 + 72 + 2 - (-20 - (20 + -38))
73
What is the value of (-6 - 8) + 9 + -127 + 186?
54
Evaluate -5 + (7 - (14 - 21 - -4)) + -11 + 12.
6
What is the value of 45 - (46 + -69 + 27)?
41
What is -1 + (5 - (-8 + (14 - -7))) + (-26 - -18)?
-17
57 + (-2 - (116 - 65))
4
Evaluate -71 + 6 + -1 - (-165 + 161).
-62
What is 1 - 8 - (-115 - -149)?
-41
What is 82 + (-8 - ((-21 - -6) + 33 + -32))?
88
Evaluate (-6 + (1 - 0) - (-5 + 53 + -61)) + 0.
8
What is -5 - (11 + -21 - -6) - -33?
32
-34 + 24 + (-2 - -7)
-5
Evaluate -16 + 2 + -1 - (-700 + 724).
-39
What is the value of -829 - -837 - (8 - 64)?
64
Calculate (-439 - -461) + 5 + (0 - 0).
27
What is the value of (19 - 18) + -21 + 30 + 11?
21
-2 - 0 - (16 - -2 - -12)
-32
(85 + 13 - 95) + -38 + -2 + 2
-35
What is the value of (103 - (-11 + 85)) + -4 + 1 + 21